{"id":205,"date":"2023-11-22T10:41:22","date_gmt":"2023-11-22T10:41:22","guid":{"rendered":"https:\/\/autocentergavle.se\/2023\/?page_id=205"},"modified":"2023-11-22T13:12:40","modified_gmt":"2023-11-22T13:12:40","slug":"dackhotell","status":"publish","type":"page","link":"https:\/\/autocentergavle.se\/2023\/dackhotell\/","title":{"rendered":"D\u00e4ckhotell"},"content":{"rendered":"\t\t<div data-elementor-type=\"wp-page\" data-elementor-id=\"205\" class=\"elementor elementor-205\">\n\t\t\t\t\t\t\t<div class=\"elementor-element elementor-element-4791e21 e-flex e-con-boxed e-con e-parent\" data-id=\"4791e21\" data-element_type=\"container\" data-settings=\"{&quot;content_width&quot;:&quot;boxed&quot;}\" data-core-v316-plus=\"true\">\n\t\t\t\t\t<div class=\"e-con-inner\">\n\t\t<div class=\"elementor-element elementor-element-b16a3af e-con-full e-flex e-con e-child\" data-id=\"b16a3af\" data-element_type=\"container\" data-settings=\"{&quot;content_width&quot;:&quot;full&quot;}\">\n\t\t\t\t<div class=\"elementor-element elementor-element-6950782 elementor-widget elementor-widget-text-editor\" data-id=\"6950782\" data-element_type=\"widget\" data-widget_type=\"text-editor.default\">\n\t\t\t\t<div class=\"elementor-widget-container\">\n\t\t\t<style>\/*! elementor - v3.17.0 - 08-11-2023 *\/\n.elementor-widget-text-editor.elementor-drop-cap-view-stacked .elementor-drop-cap{background-color:#69727d;color:#fff}.elementor-widget-text-editor.elementor-drop-cap-view-framed .elementor-drop-cap{color:#69727d;border:3px solid;background-color:transparent}.elementor-widget-text-editor:not(.elementor-drop-cap-view-default) .elementor-drop-cap{margin-top:8px}.elementor-widget-text-editor:not(.elementor-drop-cap-view-default) .elementor-drop-cap-letter{width:1em;height:1em}.elementor-widget-text-editor .elementor-drop-cap{float:left;text-align:center;line-height:1;font-size:50px}.elementor-widget-text-editor .elementor-drop-cap-letter{display:inline-block}<\/style>\t\t\t\t<table><tbody><tr><td><p>D\u00e4ckhotell ink skifte<\/p><\/td><th><p>fr 875 :- st<\/p><\/th><\/tr><tr><td>Skifte<\/td><th>fr 375 :- st<\/th><\/tr><tr><td>Punkteringslagning l\u00f6st hjul<\/td><th>350 :-<\/th><\/tr><tr><td>Punkteringslagning hjul sitter p\u00e5 bil<\/td><th>450 :-<\/th><\/tr><\/tbody><\/table><table><tbody><tr><td>Hjulinst\u00e4llning\u00a0\u00a0\u00a0\u00a0\u00a0\u00a0 \u00a0 \u00a0 \u00a0 \u00a0 \u00a0 \u00a0 \u00a0 \u00a0 \u00a0 \u00a0 \u00a0 \u00a0 \u00a0\u00a0 \u00a0\u00a0\u00a0 \u00a0 <\/td><th>1499 :- st<\/th><\/tr><tr><td>f\u00e4lgriktig<\/td><th>fr 900 :- st<\/th><\/tr><tr><td>\u00a0<\/td><th>\u00a0<\/th><\/tr><tr><td>\u00a0<\/td><th>\u00a0<\/th><\/tr><\/tbody><\/table>\t\t\t\t\t\t<\/div>\n\t\t\t\t<\/div>\n\t\t\t\t<\/div>\n\t\t<div class=\"elementor-element elementor-element-375db55 e-con-full e-flex e-con e-child\" data-id=\"375db55\" data-element_type=\"container\" data-settings=\"{&quot;content_width&quot;:&quot;full&quot;}\">\n\t\t\t\t<div class=\"elementor-element elementor-element-95df70a elementor-widget elementor-widget-image\" data-id=\"95df70a\" data-element_type=\"widget\" data-widget_type=\"image.default\">\n\t\t\t\t<div class=\"elementor-widget-container\">\n\t\t\t<style>\/*! elementor - v3.17.0 - 08-11-2023 *\/\n.elementor-widget-image{text-align:center}.elementor-widget-image a{display:inline-block}.elementor-widget-image a img[src$=\".svg\"]{width:48px}.elementor-widget-image img{vertical-align:middle;display:inline-block}<\/style>\t\t\t\t\t\t\t\t\t\t\t\t<img fetchpriority=\"high\" decoding=\"async\" width=\"800\" height=\"800\" src=\"https:\/\/autocentergavle.se\/2023\/wp-content\/uploads\/2023\/11\/lat_dina_dack_vila1200x120010-1024x1024.png\" class=\"attachment-large size-large wp-image-128\" alt=\"\" srcset=\"https:\/\/autocentergavle.se\/2023\/wp-content\/uploads\/2023\/11\/lat_dina_dack_vila1200x120010-1024x1024.png 1024w, https:\/\/autocentergavle.se\/2023\/wp-content\/uploads\/2023\/11\/lat_dina_dack_vila1200x120010-300x300.png 300w, https:\/\/autocentergavle.se\/2023\/wp-content\/uploads\/2023\/11\/lat_dina_dack_vila1200x120010-150x150.png 150w, https:\/\/autocentergavle.se\/2023\/wp-content\/uploads\/2023\/11\/lat_dina_dack_vila1200x120010-768x768.png 768w, https:\/\/autocentergavle.se\/2023\/wp-content\/uploads\/2023\/11\/lat_dina_dack_vila1200x120010.png 1200w\" sizes=\"(max-width: 800px) 100vw, 800px\" \/>\t\t\t\t\t\t\t\t\t\t\t\t\t\t\t<\/div>\n\t\t\t\t<\/div>\n\t\t\t\t<\/div>\n\t\t\t\t\t<\/div>\n\t\t\t\t<\/div>\n\t\t<div class=\"elementor-element elementor-element-e07f834 e-flex e-con-boxed e-con e-parent\" data-id=\"e07f834\" data-element_type=\"container\" data-settings=\"{&quot;content_width&quot;:&quot;boxed&quot;}\" data-core-v316-plus=\"true\">\n\t\t\t\t\t<div class=\"e-con-inner\">\n\t\t\t\t<div class=\"elementor-element elementor-element-fd40a3a elementor-widget elementor-widget-text-editor\" data-id=\"fd40a3a\" data-element_type=\"widget\" data-widget_type=\"text-editor.default\">\n\t\t\t\t<div class=\"elementor-widget-container\">\n\t\t\t\t\t\t\t<p><b>F\u00f6rvaring av d\u00e4ck \u00e4r n\u00e4stan alltid ett gissel. Tunga, smutsiga och tar plats. Men vad s\u00e4gs om att n\u00e5gon byter dina d\u00e4ck och f\u00f6rvarar f\u00f6rra s\u00e4songens i ett d\u00e4ckhotell? D\u00e4r ses d\u00e4cken dessutom \u00f6ver, tv\u00e4ttas av och f\u00f6rvaras i f\u00f6rh\u00e5llanden som \u00e4r gynnsamma f\u00f6r materialet. L\u00e5t oss p\u00e5 Autocenter ta hand om dina d\u00e4ck s\u00e5 f\u00e5r du tid (och plats) \u00f6ver f\u00f6r annat.<\/b><\/p><h3>Vad kostar d\u00e4ckhotell?<\/h3><p>Priset f\u00f6r d\u00e4ckhotell varierar beroende p\u00e5 tex storlek p\u00e5 d\u00e4ck till f\u00f6rvaringens tillg\u00e4nglighet.<\/p><h3>Vad \u00e4r ett d\u00e4ckhotell?<\/h3><p>Ett d\u00e4ckhotell \u00e4r en plats d\u00e4r du betalar f\u00f6r att f\u00e5 f\u00f6rvara dina d\u00e4ck. P\u00e5 s\u00e5 s\u00e4tt slipper du sj\u00e4lv sl\u00e4pa runt p\u00e5 smutsiga d\u00e4ck och f\u00f6rs\u00f6ka hitta plats hemma f\u00f6r f\u00f6rvaring. N\u00e4r det \u00e4r dags f\u00f6r hjulskifte s\u00e5 \u00e4r dina d\u00e4ck kontrollerade och tv\u00e4ttade &#8211; redo att bytas med hj\u00e4lp av din verkstad.<\/p><h3>Hur ska man f\u00f6rvara d\u00e4ck?<\/h3><p>D\u00e4ck som du inte anv\u00e4nder ska f\u00f6rvaras torrt, m\u00f6rkt och svalt f\u00f6r att de ska h\u00e5lla s\u00e5 l\u00e4nge som m\u00f6jligt. M\u00e5nga t\u00e4nker inte p\u00e5 det, men faktum \u00e4r att d\u00e4ck \u00e4r en f\u00e4rskvara och en kontroll av d\u00e4cken b\u00f6r alltid ske innan d\u00e4ckbyte. F\u00f6rvara dina d\u00e4ck tryggt, s\u00e4kert och proffsigt hos Autocenters d\u00e4ckhotell, s\u00e5 kan du vara s\u00e4ker p\u00e5 att d\u00e4cken f\u00e5r vistas i b\u00e4sta m\u00f6jliga milj\u00f6 tills de ska anv\u00e4ndas igen. D\u00e5 hj\u00e4lper vi g\u00e4rna till med d\u00e4ckbyte och hjulinst\u00e4llning ocks\u00e5.\u00a0<\/p>\t\t\t\t\t\t<\/div>\n\t\t\t\t<\/div>\n\t\t\t\t\t<\/div>\n\t\t\t\t<\/div>\n\t\t<div class=\"elementor-element elementor-element-4debb00 e-flex e-con-boxed e-con e-parent\" data-id=\"4debb00\" data-element_type=\"container\" data-settings=\"{&quot;content_width&quot;:&quot;boxed&quot;}\" data-core-v316-plus=\"true\">\n\t\t\t\t\t<div class=\"e-con-inner\">\n\t\t\t\t<div class=\"elementor-element elementor-element-7505c12 elementor-widget elementor-widget-text-editor\" data-id=\"7505c12\" data-element_type=\"widget\" data-widget_type=\"text-editor.default\">\n\t\t\t\t<div class=\"elementor-widget-container\">\n\t\t\t\t\t\t\t<div class=\"row ax-page-header\"><div class=\"col-md-8\"><h1>Hjulinst\u00e4llning<\/h1><\/div><\/div><div class=\"single-dictionary-holder single-blog-holder\"><div class=\"row\"><div class=\"col-md-8 col-sm-12\"><div class=\"row\"><div class=\"col-md-12\"><div class=\"well well-light\"><div class=\"single-blog-content\"><div><p>En hjulinst\u00e4llning inneb\u00e4r att man justerar hjulens vinkel mot v\u00e4gen. P\u00e5 s\u00e5 s\u00e4tt undviker man att d\u00e4cken slits onormalt mycket eller oj\u00e4mnt, dessutom ser man till att bilen inte drar \u00e5t n\u00e5got h\u00e5ll.<\/p><p>Du b\u00f6r g\u00f6ra en hjulinst\u00e4llning om<\/p><ul><li>Du upplever att din bil drar \u00e5t n\u00e5got h\u00e5ll eller k\u00e4nns instabil.<\/li><li>Du r\u00e5kat k\u00f6ra p\u00e5 eller st\u00f6ta i n\u00e5gonting, till exempel en refug eller en trottoarkant.<\/li><li>Ratten inte \u00e5terg\u00e5r till sitt ursprungsl\u00e4ge efter att du sv\u00e4ngt.<\/li><li>Ratten inte \u00e4r rak n\u00e4r du k\u00f6r rakt fram.<\/li><li>D\u00e4cken slits oj\u00e4mnt eller ovanligt mycket.<\/li><\/ul><p>F\u00f6rdelen med att ha en korrekt hjulinst\u00e4llning \u00e4r att det minskar slitaget p\u00e5 dina d\u00e4ck och \u00f6kar k\u00f6rkomforten. Det \u00e4r slitsamt att sitta och justera bilen i sidled mer \u00e4n n\u00f6dv\u00e4ndigt.<\/p><\/div><\/div><\/div><\/div><\/div><\/div><\/div><\/div>\t\t\t\t\t\t<\/div>\n\t\t\t\t<\/div>\n\t\t\t\t\t<\/div>\n\t\t\t\t<\/div>\n\t\t<div class=\"elementor-element elementor-element-add233a e-flex e-con-boxed e-con e-parent\" data-id=\"add233a\" data-element_type=\"container\" data-settings=\"{&quot;content_width&quot;:&quot;boxed&quot;}\" data-core-v316-plus=\"true\">\n\t\t\t\t\t<div class=\"e-con-inner\">\n\t\t\t\t<div class=\"elementor-element elementor-element-30dc2bc elementor-widget elementor-widget-text-editor\" data-id=\"30dc2bc\" data-element_type=\"widget\" data-widget_type=\"text-editor.default\">\n\t\t\t\t<div class=\"elementor-widget-container\">\n\t\t\t\t\t\t\t<h2>Datum och regler f\u00f6r d\u00e4ckbyte<\/h2><p>Under perioden\u00a0<b>1 december till 31 mars<\/b>\u00a0\u00e4r det lag p\u00e5 att ditt fordon ska ha vinterd\u00e4ck om det \u00e4r vinterv\u00e4glag. Du kan ocks\u00e5 anv\u00e4nda likv\u00e4rdig utrustning, som sn\u00f6kedjor exempelvis.<\/p><p>Under perioden\u00a0<b>1 oktober till 15 april<\/b>\u00a0f\u00e5r du anv\u00e4nda dubbd\u00e4ck.<\/p><p>Under perioden\u00a0<b>16 april till 30 september<\/b>\u00a0\u00e4r det f\u00f6rbjudet att anv\u00e4nda dubbd\u00e4ck om det inte \u00e4r eller f\u00f6rv\u00e4ntas bli vinterv\u00e4glag.<\/p><p>Det \u00e4r vinterv\u00e4glag om det \u00e4r sn\u00f6, is, sn\u00f6modd eller frost p\u00e5 n\u00e5gon del av v\u00e4gbanan eller v\u00e4grenen.<\/p><p><strong>Sommard\u00e4ck: <\/strong><br \/>\u00c4r d\u00e4cken under 1,6 mm m\u00f6nsterdjup \u00e4r de utslitna \/ 1,6-3 mm \u2013 slitna \/3-5 mm \u2013 ok\/ 5 mm m\u00f6nsterdjup \u2013 d\u00e5 \u00e4r d\u00e4cken bra<\/p><p><strong>Vinterd\u00e4ck:<br \/><\/strong>Under 3 mm \u2013 utslitna\/ 3-5 mm \u00a0\u2013 slitna \/ 5-7 mm \u2013 helt ok \/ 7 mm\u00a0 \u2013 bra<\/p><p><strong>Klicka h\u00e4r f\u00f6r att\u00a0boka tid f\u00f6r d\u00e4ckbyte.<\/strong><\/p>\t\t\t\t\t\t<\/div>\n\t\t\t\t<\/div>\n\t\t\t\t\t<\/div>\n\t\t\t\t<\/div>\n\t\t<div class=\"elementor-element elementor-element-0361a53 e-flex e-con-boxed e-con e-parent\" data-id=\"0361a53\" data-element_type=\"container\" data-settings=\"{&quot;content_width&quot;:&quot;boxed&quot;}\" data-core-v316-plus=\"true\">\n\t\t\t\t\t<div class=\"e-con-inner\">\n\t\t<div class=\"elementor-element elementor-element-8381ce7 e-con-full e-flex e-con e-child\" data-id=\"8381ce7\" data-element_type=\"container\" data-settings=\"{&quot;content_width&quot;:&quot;full&quot;}\">\n\t\t\t\t<div class=\"elementor-element elementor-element-a6be790 elementor-widget elementor-widget-image\" data-id=\"a6be790\" data-element_type=\"widget\" data-widget_type=\"image.default\">\n\t\t\t\t<div class=\"elementor-widget-container\">\n\t\t\t\t\t\t\t\t\t\t\t\t\t\t\t<img decoding=\"async\" width=\"800\" height=\"534\" src=\"https:\/\/autocentergavle.se\/2023\/wp-content\/uploads\/2023\/11\/DSC_5207.jpg-1024x683.jpg\" class=\"attachment-large size-large wp-image-110\" alt=\"\" srcset=\"https:\/\/autocentergavle.se\/2023\/wp-content\/uploads\/2023\/11\/DSC_5207.jpg-1024x683.jpg 1024w, https:\/\/autocentergavle.se\/2023\/wp-content\/uploads\/2023\/11\/DSC_5207.jpg-300x200.jpg 300w, https:\/\/autocentergavle.se\/2023\/wp-content\/uploads\/2023\/11\/DSC_5207.jpg-768x512.jpg 768w, https:\/\/autocentergavle.se\/2023\/wp-content\/uploads\/2023\/11\/DSC_5207.jpg.jpg 1050w\" sizes=\"(max-width: 800px) 100vw, 800px\" \/>\t\t\t\t\t\t\t\t\t\t\t\t\t\t\t<\/div>\n\t\t\t\t<\/div>\n\t\t\t\t<\/div>\n\t\t<div class=\"elementor-element elementor-element-f7e4acb e-con-full e-flex e-con e-child\" data-id=\"f7e4acb\" data-element_type=\"container\" data-settings=\"{&quot;content_width&quot;:&quot;full&quot;}\">\n\t\t\t\t<div class=\"elementor-element elementor-element-73da759 elementor-widget elementor-widget-text-editor\" data-id=\"73da759\" data-element_type=\"widget\" data-widget_type=\"text-editor.default\">\n\t\t\t\t<div class=\"elementor-widget-container\">\n\t\t\t\t\t\t\t<div class=\"col-right col-contact_blocks\"><div class=\"col-inner\"><h3 class=\"section_title\">Kontaktinfo<\/h3><div class=\"contact_blocks\"><div class=\"contact_block\"><h3 class=\"section_title\">Telefon:<\/h3><ul><li><a href=\"tel:026616075\">026-616075<\/a><\/li><\/ul><\/div><div class=\"contact_block\"><h3 class=\"section_title\">E-post:<\/h3><ul><li>info@autocentergavle.se<\/li><\/ul><\/div><div class=\"contact_block\"><h3 class=\"section_title\">Adress:<\/h3><ul><li>Kryddstigen 18A, 802 92 G\u00e4vle<\/li><\/ul><\/div><div class=\"contact_block\"><h3 class=\"section_title\">Facebook:<\/h3><ul><li><a href=\"https:\/\/m.facebook.com\/p\/Autocenter-G%C3%A4vle-100039728632824\/\" target=\"_blank\" rel=\"noopener\">F\u00f6lj oss p\u00e5 Facebook<\/a><\/li><\/ul><\/div><div class=\"contact_block\"><h3 class=\"section_title\">\u00d6ppettider:<\/h3><ul><li>M\u00e5n \u2013 Tors: 07:00 \u2013 16:30<\/li><li>Fre 07:00-16:00<\/li><li>Lunchst\u00e4ngt 12:00 \u2013 13:00<\/li><\/ul><\/div><\/div><\/div><\/div>\t\t\t\t\t\t<\/div>\n\t\t\t\t<\/div>\n\t\t\t\t<\/div>\n\t\t\t\t\t<\/div>\n\t\t\t\t<\/div>\n\t\t\t\t\t\t\t<\/div>\n\t\t","protected":false},"excerpt":{"rendered":"<p>D\u00e4ckhotell ink skifte fr 875 :- st Skifte fr 375 :- st Punkteringslagning l\u00f6st hjul 350 :- Punkteringslagning hjul sitter p\u00e5 bil 450 :- Hjulinst\u00e4llning\u00a0\u00a0\u00a0\u00a0\u00a0\u00a0 \u00a0 \u00a0 \u00a0 \u00a0 \u00a0 \u00a0 \u00a0 \u00a0 \u00a0 \u00a0 \u00a0 \u00a0 \u00a0\u00a0 \u00a0\u00a0\u00a0 \u00a0 1499 :- st f\u00e4lgriktig fr 900 :- st \u00a0 \u00a0 \u00a0 \u00a0 F\u00f6rvaring av d\u00e4ck [&hellip;]<\/p>\n","protected":false},"author":2,"featured_media":0,"parent":0,"menu_order":0,"comment_status":"closed","ping_status":"closed","template":"","meta":{"footnotes":""},"class_list":["post-205","page","type-page","status-publish","hentry"],"_links":{"self":[{"href":"https:\/\/autocentergavle.se\/2023\/wp-json\/wp\/v2\/pages\/205","targetHints":{"allow":["GET"]}}],"collection":[{"href":"https:\/\/autocentergavle.se\/2023\/wp-json\/wp\/v2\/pages"}],"about":[{"href":"https:\/\/autocentergavle.se\/2023\/wp-json\/wp\/v2\/types\/page"}],"author":[{"embeddable":true,"href":"https:\/\/autocentergavle.se\/2023\/wp-json\/wp\/v2\/users\/2"}],"replies":[{"embeddable":true,"href":"https:\/\/autocentergavle.se\/2023\/wp-json\/wp\/v2\/comments?post=205"}],"version-history":[{"count":7,"href":"https:\/\/autocentergavle.se\/2023\/wp-json\/wp\/v2\/pages\/205\/revisions"}],"predecessor-version":[{"id":215,"href":"https:\/\/autocentergavle.se\/2023\/wp-json\/wp\/v2\/pages\/205\/revisions\/215"}],"wp:attachment":[{"href":"https:\/\/autocentergavle.se\/2023\/wp-json\/wp\/v2\/media?parent=205"}],"curies":[{"name":"wp","href":"https:\/\/api.w.org\/{rel}","templated":true}]}}